{"id":7942,"date":"2026-04-16T10:56:23","date_gmt":"2026-04-16T08:56:23","guid":{"rendered":"https:\/\/apsmiranda.org\/regalini\/?post_type=product&#038;p=7942"},"modified":"2026-04-16T11:10:39","modified_gmt":"2026-04-16T09:10:39","slug":"siamo-della-scuola-solarpunk-zine-1","status":"publish","type":"product","link":"https:\/\/apsmiranda.org\/regalini\/prodotto\/siamo-della-scuola-solarpunk-zine-1\/","title":{"rendered":"Siamo della scuola solarpunk \u2013 zine 1"},"content":{"rendered":"<p>L&#8217;IA di Quartiere come Bene Comune.<br \/>\nUna zine in 8 pagine sul progetto che stiamo costruendo.<\/p>\n<p>Adottare un&#8217;intelligenza artificiale \u00e8 un atto politico.<br \/>\nNoi la stiamo costruendo dal basso, con la comunit\u00e0, per la comunit\u00e0.<\/p>\n<p>Dentro trovi:<br \/>\n\u2192 il concetto di IA bambina da adottare<br \/>\n\u2192 UI-R1: il campo semantico che vive offline<br \/>\n\u2192 il Rave Narrativo come governance ad alta intensit\u00e0<br \/>\n\u2192 cartografia affettiva e urban games<br \/>\n\u2192 propriet\u00e0 collettiva dei dati vs open data<br \/>\n\u2192 cinque lezioni per un futuro digitale comune<\/p>\n<p>Questo testo \u00e8 libero.<br \/>\nCopialo, remixalo, usalo.<br \/>\nLicenza CC BY SA 4.0.<\/p>\n<p>Il compendio completo lo trovate su thepaperlab.it<br \/>\nLa discussione continua su discorsi.apsmiranda.it<\/p>\n","protected":false},"excerpt":{"rendered":"<p>L&#8217;IA di Quartiere come Bene Comune. Una zine in 8 pagine sul progetto che stiamo costruendo. Adottare un&#8217;intelligenza artificiale \u00e8 un atto politico. Noi la stiamo costruendo dal basso, con la comunit\u00e0, per la comunit\u00e0. [&hellip;]<\/p>\n","protected":false},"featured_media":7946,"comment_status":"open","ping_status":"closed","template":"","meta":{"wds_primary_product_brand":0,"wds_primary_product_cat":0},"product_brand":[27],"product_cat":[53,50],"product_tag":[52,28],"class_list":{"0":"post-7942","1":"product","2":"type-product","3":"status-publish","4":"has-post-thumbnail","6":"product_brand-the-paper-lab","7":"product_cat-siamo-della-scuola-solarpunk","8":"product_cat-zine","9":"product_tag-ai","10":"product_tag-solarpunk","12":"first","13":"instock","14":"downloadable","15":"taxable","16":"shipping-taxable","17":"purchasable","18":"product-type-simple"},"_links":{"self":[{"href":"https:\/\/apsmiranda.org\/regalini\/wp-json\/wp\/v2\/product\/7942","targetHints":{"allow":["GET"]}}],"collection":[{"href":"https:\/\/apsmiranda.org\/regalini\/wp-json\/wp\/v2\/product"}],"about":[{"href":"https:\/\/apsmiranda.org\/regalini\/wp-json\/wp\/v2\/types\/product"}],"replies":[{"embeddable":true,"href":"https:\/\/apsmiranda.org\/regalini\/wp-json\/wp\/v2\/comments?post=7942"}],"wp:featuredmedia":[{"embeddable":true,"href":"https:\/\/apsmiranda.org\/regalini\/wp-json\/wp\/v2\/media\/7946"}],"wp:attachment":[{"href":"https:\/\/apsmiranda.org\/regalini\/wp-json\/wp\/v2\/media?parent=7942"}],"wp:term":[{"taxonomy":"product_brand","embeddable":true,"href":"https:\/\/apsmiranda.org\/regalini\/wp-json\/wp\/v2\/product_brand?post=7942"},{"taxonomy":"product_cat","embeddable":true,"href":"https:\/\/apsmiranda.org\/regalini\/wp-json\/wp\/v2\/product_cat?post=7942"},{"taxonomy":"product_tag","embeddable":true,"href":"https:\/\/apsmiranda.org\/regalini\/wp-json\/wp\/v2\/product_tag?post=7942"}],"curies":[{"name":"wp","href":"https:\/\/api.w.org\/{rel}","templated":true}]}}