{"id":268,"date":"2024-12-04T12:51:17","date_gmt":"2024-12-04T11:51:17","guid":{"rendered":"https:\/\/apsmiranda.org\/compraqualcosa\/?post_type=product&#038;p=268"},"modified":"2025-11-05T16:22:05","modified_gmt":"2025-11-05T15:22:05","slug":"verso-tokio-2020","status":"publish","type":"product","link":"https:\/\/apsmiranda.org\/regalini\/prodotto\/verso-tokio-2020\/","title":{"rendered":"EBook &#8211; Verso Tokio 2020"},"content":{"rendered":"<p>Raccontare a fumetti significa trovare i pieni e vuoti delle storie. In un certo senso, qualsiasi ricordo funziona cos\u00ec, attraverso una navigazione che \u00e8 pi\u00f9 fatta di abissi che di isole, ci si avvicina ad un porto che \u00e8 il cuore della storia. Qui di cuori ce ne sono molti. Di stili diversi, con sguardi diversi, e narrano di un modo che non \u00e8 diverso di fare sport. Che quello \u00e8 sempre uguale. L&#8217;agonismo mette in campo il meglio e il peggio di ciascuno di noi.<br \/>\nDiventiamo tutti piccoli eroi epici della nostra epica quotidiana, che si vada alle olimpiadi o che si giochi sotto casa. Non ha importanza, \u00e8 l&#8217;epica (che poi \u00e8 la pi\u00f9 antica narrazione letteraria della nostra tradizione) che \u00e8 sempre l\u00ec in agguato e ti prende le budella e ti fa appassionare nella bocciofila del dopolavoro ferroviario come nel lontano Oriente.<br \/>\nCos\u00ec queste storie si nutrono di un&#8217;epica stra \u2013 ordinaria, ridisegnano possibilit\u00e0 e fanno non una cronaca asettica, ma partecipata e piena di buchi di tanti sogni in cantiere. Non c&#8217;\u00e8 materiale narrativo pi\u00f9 prezioso e ricco di possibilit\u00e0 di questo. (Gianluca Costantini)<\/p>\n<p><strong>Il progetto<\/strong><\/p>\n<p><span style=\"font-weight: 400;\">Questo progetto nasce dal desiderio di sperimentare il Graphic Journalism\u00a0come strumento per comunicare un progetto sociale. Nel mese di gennaio 2019, The Paper Lab\u00a0ha organizzato un corso di formazione su questo tema coinvolgendo uno dei\u00a0pi\u00f9 grandi esperti del settore in Italia e nel mondo: Gianluca Costantini.<\/span><\/p>\n<p><span style=\"font-weight: 400;\">Rispetto ad altre forme di restituzione del reale, il graphic\u00a0journalism si \u00e8 rivelato particolarmente adatto al nostro scopo perch\u00e9, meglio che nella fotografia o nel video, la mano del disegnatore pu\u00f2 dare evidenza e dignit\u00e0\u00a0alle persone, ai loro obiettivi, alla loro storia.<\/span><\/p>\n<p><span style=\"font-weight: 400;\">Fulcro tematico del corso \u00e8 stato il racconto della storia dei\u00a0Bocciabili: la squadra di 12 atleti con disabilit\u00e0 motorie, che\u00a0persegue l\u2019ambizioso obiettivo di qualificarsi per le Olimpiadi di Tokio 2020.<\/span><\/p>\n<p><span style=\"font-weight: 400;\">La innovativa metodologia di lavoro proposta durante il corso\u00a0prevede:<\/span><\/p>\n<ol>\n<li style=\"font-weight: 400;\" aria-level=\"1\"><b>la partecipazione attiva dei soggetti raccontati fornendo il\u00a0supporto necessario a far si che siano messi in condizione di far\u00a0parte del gruppo di autori.<\/b><\/li>\n<\/ol>\n<p><span style=\"font-weight: 400;\">In questa prima esperienza, una delle giocatrici,\u00a0accompagnata da due disegnatori professionisti e una facilitatrice\u00a0delle comunicazioni verbali ha potuto partecipare come autrice.<\/span><\/p>\n<ol>\n<li style=\"font-weight: 400;\" aria-level=\"1\"><b>la raccolta, tramite una tecnica di intervista non direttiva,\u00a0delle narrazioni personali dei protagonisti<\/b><span style=\"font-weight: 400;\">: gli atleti, gli allenatori e\u00a0le figure organizzative che ruotano intorno al progetto Bocciabili.<\/span><span style=\"font-weight: 400;\"><br \/>\n<\/span><span style=\"font-weight: 400;\">La raccolta delle interviste \u00e8 stata supervisionata dal dipartimento di\u00a0Psicologia dello sviluppo dell\u2019Universit\u00e0 di Torino.<\/span><\/li>\n<li style=\"font-weight: 400;\" aria-level=\"1\"><b>la realizzazione della pubblicazione:<\/b><span style=\"font-weight: 400;\"> durante il corso sono state realizzate 5 storie a fumetti realizzate da 6 disegnatori professionisti e non, Queste tavole sono poi state raccolte in un libro ed affiancate ad alcune storie e al racconto del metodo utilizzato per la creazione del corso.<\/span><\/li>\n<\/ol>\n<p><b>Raccontare il progetto sociale: una proposta di metodo<\/b><\/p>\n<p><span style=\"font-weight: 400;\">\u201cPerch\u00e9 un progetto di Graphic Journalism in un\u2019osteria? Perch\u00e9 ci piace raccontare storie belle, perch\u00e9 i luoghi della convivialit\u00e0 sono i luoghi per eccellenza per la nascita di narrazioni dal basso, in cui raccontando la realt\u00e0 quotidiana e nascosta, ci si fa promotori di cambiamento.<\/span><span style=\"font-weight: 400;\"><br \/>\n<\/span><span style=\"font-weight: 400;\">Perch\u00e9 crediamo che l\u2019accesso alle tecniche e ai metodi della comunicazione debba essere un accesso di bassa soglia, in cui esperti e professionisti si mettono al servizio di chi ha una storia, piccola o grande, che ancora non riesce a raccontare.<\/span><span style=\"font-weight: 400;\"><br \/>\n<\/span><span style=\"font-weight: 400;\">E cos\u00ec abbiamo fatto il nostro esperimento, scegliendo come tema per questo primo anno la storia dei Bocciabili: la squadra di 12 atleti con disabilit\u00e0 motorie, nostra vicina di casa, che si allena negli spazi del Fortino e che persegue l\u2019ambizioso obiettivo di qualificarsi per le Olimpiadi di Tokio 2020.<\/span><\/p>\n<p><span style=\"font-weight: 400;\">Lo abbiamo fatto in un posto diverso dal solito, organizzando un corso di formazione con Gianluca Costantini, grande nome del giornalismo grafico, nello spazio informale dell\u2019Osteria di Miranda; lasciando che gli avventori condividessero lo spazio con i partecipanti al corso.<\/span><span style=\"font-weight: 400;\"><br \/>\n<\/span><span style=\"font-weight: 400;\">Lo abbiamo fatto in un modo diverso dal solito, partendo dalle narrazioni personali e dirette dei protagonisti raccolte con la consulenza scientifica della facolt\u00e0 di psicologia dell\u2019Universit\u00e0 di Torino, con una tecnica di intervista non direttiva (derivata dal metodo descritto da Pierre Vermersch nel suo \u201cDescrivere il lavoro\u201d Carrocci Faber).<\/span><span style=\"font-weight: 400;\"><br \/>\n<\/span><span style=\"font-weight: 400;\">Abbiamo intervistato gli atleti, gli allenatori e tutte le figure che di solito restano nell\u2019ombra: chi ha scritto il progetto, chi ha trovato i fondi, chi si occupa della promozione delle bocce sul territorio ecc. ecc.<\/span><span style=\"font-weight: 400;\"><br \/>\n<\/span><span style=\"font-weight: 400;\">Tra i partecipanti al corso abbiamo fortemente voluto una rappresentanza della squadra, facendo in modo che Cristina, \u2013 bocciabile, studiosa di comunicazione, con gravi disabilit\u00e0 motorie \u2013 fosse accompagnata da due disegnatori professionisti e una facilitatrice delle comunicazioni verbali e potesse a tutti gli effetti fare parte del gruppo di autori.<\/span><\/p>\n<p><b>Il Libro<\/b><\/p>\n<p><span style=\"font-weight: 400;\">Il risultato di questo lavoro \u00e8 la creazione di una pubblicazione intitolata \u201cVerso tokio 2020 \u2013 il graphic Journalism per raccontare il progetto sociale\u201d edita\u00a0da Scalpend Editore,<\/span><\/p>\n<p><span style=\"font-weight: 400;\">La versione digitale del libro \u00e8 acquistabile anche on line sui principali book store.<\/span><\/p>\n<p><span style=\"font-weight: 400;\">La pubblicazione \u00e8 stata acquisita dai Bocciabili come materiale di comunicazione e divulgazione della loro attivit\u00e0 sportiva. <\/span><\/p>\n<p>&nbsp;<\/p>\n","protected":false},"excerpt":{"rendered":"<p>Raccontare a fumetti significa trovare i pieni e vuoti delle storie. In un certo senso, qualsiasi ricordo funziona cos\u00ec, attraverso una navigazione che \u00e8 pi\u00f9 fatta di abissi che di isole, ci si avvicina ad [&hellip;]<\/p>\n","protected":false},"featured_media":339,"comment_status":"open","ping_status":"closed","template":"","meta":{"wds_primary_product_brand":0,"wds_primary_product_cat":0},"product_brand":[27],"product_cat":[18],"product_tag":[],"class_list":{"0":"post-268","1":"product","2":"type-product","3":"status-publish","4":"has-post-thumbnail","6":"product_brand-the-paper-lab","7":"product_cat-libri","9":"first","10":"instock","11":"downloadable","12":"taxable","13":"shipping-taxable","14":"purchasable","15":"product-type-simple"},"_links":{"self":[{"href":"https:\/\/apsmiranda.org\/regalini\/wp-json\/wp\/v2\/product\/268","targetHints":{"allow":["GET"]}}],"collection":[{"href":"https:\/\/apsmiranda.org\/regalini\/wp-json\/wp\/v2\/product"}],"about":[{"href":"https:\/\/apsmiranda.org\/regalini\/wp-json\/wp\/v2\/types\/product"}],"replies":[{"embeddable":true,"href":"https:\/\/apsmiranda.org\/regalini\/wp-json\/wp\/v2\/comments?post=268"}],"wp:featuredmedia":[{"embeddable":true,"href":"https:\/\/apsmiranda.org\/regalini\/wp-json\/wp\/v2\/media\/339"}],"wp:attachment":[{"href":"https:\/\/apsmiranda.org\/regalini\/wp-json\/wp\/v2\/media?parent=268"}],"wp:term":[{"taxonomy":"product_brand","embeddable":true,"href":"https:\/\/apsmiranda.org\/regalini\/wp-json\/wp\/v2\/product_brand?post=268"},{"taxonomy":"product_cat","embeddable":true,"href":"https:\/\/apsmiranda.org\/regalini\/wp-json\/wp\/v2\/product_cat?post=268"},{"taxonomy":"product_tag","embeddable":true,"href":"https:\/\/apsmiranda.org\/regalini\/wp-json\/wp\/v2\/product_tag?post=268"}],"curies":[{"name":"wp","href":"https:\/\/api.w.org\/{rel}","templated":true}]}}