{"id":264,"date":"2024-12-04T19:23:09","date_gmt":"2024-12-04T18:23:09","guid":{"rendered":"https:\/\/apsmiranda.org\/compraqualcosa\/?post_type=product&#038;p=264"},"modified":"2025-11-05T16:22:02","modified_gmt":"2025-11-05T15:22:02","slug":"maschere-ricombinanti","status":"publish","type":"product","link":"https:\/\/apsmiranda.org\/regalini\/prodotto\/maschere-ricombinanti\/","title":{"rendered":"Maschere ricombinanti"},"content":{"rendered":"<p>Maschere Ricombinanti \u00e8 uno smontalibro davvero geniale che permette di assemblare delle fantastiche maschere.<br \/>\nLo smontalibro consiste nello smontare e ricombinare la struttura di un libro di testo con la tua fantasia.<br \/>\nCiascuna delle maschere all\u2019interno \u00e8 composta da un kit di cinque elementi che possono essere mescolati tra loro cos\u00ec da poter creare tantissime combinazioni a proprio piacimento.<br \/>\nScegliendo il copricapo, le sopracciglia, il muso, il naso e la bocca, si pu\u00f2 creare una nuova combinazione, dando cos\u00ec vita ad nuovo pesonaggio.<br \/>\nI bambini saranno davvero entusiasti: diventer\u00e0 il loro compagno preferito durante qualsiasi evento e li intratter\u00e0 nei momenti di noia per stimolare la loro creativit\u00e0. Sar\u00e0 anche un regalo perfetto per vivere delle giornate indimenticabili da condividere con grandi e piccini&#8230;<br \/>\nThe Paper Lab ha gi\u00e0 creato tre versioni: la cantante, l\u2019indiano, e lo Yeti&#8230;ma ricombinandole si pu\u00f2 creare ancora molto, il lettore sceglie ci\u00f2 che preferisce e inventa la sua combinazione: et voil\u00e0, \u00e8 nato un nuovo personaggio.<\/p>\n","protected":false},"excerpt":{"rendered":"<p><strong>Autori:<\/strong><br \/>\nThe Paper Lab<br \/>\n<strong>Editore:<\/strong><br \/>\nThe Paper Lab<br \/>\n<strong>Dimensione:<\/strong><br \/>\n25,5 x 19 x 0,3<br \/>\n<strong>Pagine:<\/strong><br \/>\n20<br \/>\n<strong>genere:<\/strong><br \/>\nLibro interattivo<br \/>\n<strong>Tipologia stampa:<\/strong><br \/>\nStampa digitale, intaglio a contollonumerico<\/p>\n","protected":false},"featured_media":337,"comment_status":"open","ping_status":"closed","template":"","meta":{"wds_primary_product_brand":0,"wds_primary_product_cat":0},"product_brand":[27],"product_cat":[18,24,23],"product_tag":[],"class_list":{"0":"post-264","1":"product","2":"type-product","3":"status-publish","4":"has-post-thumbnail","6":"product_brand-the-paper-lab","7":"product_cat-libri","8":"product_cat-smontalibri","9":"product_cat-steam","11":"first","12":"instock","13":"taxable","14":"shipping-taxable","15":"purchasable","16":"product-type-simple"},"_links":{"self":[{"href":"https:\/\/apsmiranda.org\/regalini\/wp-json\/wp\/v2\/product\/264","targetHints":{"allow":["GET"]}}],"collection":[{"href":"https:\/\/apsmiranda.org\/regalini\/wp-json\/wp\/v2\/product"}],"about":[{"href":"https:\/\/apsmiranda.org\/regalini\/wp-json\/wp\/v2\/types\/product"}],"replies":[{"embeddable":true,"href":"https:\/\/apsmiranda.org\/regalini\/wp-json\/wp\/v2\/comments?post=264"}],"wp:featuredmedia":[{"embeddable":true,"href":"https:\/\/apsmiranda.org\/regalini\/wp-json\/wp\/v2\/media\/337"}],"wp:attachment":[{"href":"https:\/\/apsmiranda.org\/regalini\/wp-json\/wp\/v2\/media?parent=264"}],"wp:term":[{"taxonomy":"product_brand","embeddable":true,"href":"https:\/\/apsmiranda.org\/regalini\/wp-json\/wp\/v2\/product_brand?post=264"},{"taxonomy":"product_cat","embeddable":true,"href":"https:\/\/apsmiranda.org\/regalini\/wp-json\/wp\/v2\/product_cat?post=264"},{"taxonomy":"product_tag","embeddable":true,"href":"https:\/\/apsmiranda.org\/regalini\/wp-json\/wp\/v2\/product_tag?post=264"}],"curies":[{"name":"wp","href":"https:\/\/api.w.org\/{rel}","templated":true}]}}